[INFO] fetching crate monilog 0.1.1...
[INFO] checking monilog-0.1.1 against try#72f88fc4e9458f89516a0b8b0868f3718aec5b47 for pr-74989
[INFO] extracting crate monilog 0.1.1 into /workspace/builds/worker-8/source
[INFO] validating manifest of crates.io crate monilog 0.1.1 on toolchain 72f88fc4e9458f89516a0b8b0868f3718aec5b47
[INFO] running `Command { std: "/workspace/cargo-home/bin/cargo" "+72f88fc4e9458f89516a0b8b0868f3718aec5b47" "read-manifest" "--manifest-path" "Cargo.toml", kill_on_drop: false }`
[INFO] started tweaking crates.io crate monilog 0.1.1
[INFO] finished tweaking crates.io crate monilog 0.1.1
[INFO] tweaked toml for crates.io crate monilog 0.1.1 written to /workspace/builds/worker-8/source/Cargo.toml
[INFO] running `Command { std: "/workspace/cargo-home/bin/cargo" "+72f88fc4e9458f89516a0b8b0868f3718aec5b47" "generate-lockfile" "--manifest-path" "Cargo.toml" "-Zno-index-update", kill_on_drop: false }`
[INFO] running `Command { std: "/workspace/cargo-home/bin/cargo" "+72f88fc4e9458f89516a0b8b0868f3718aec5b47" "fetch" "--locked" "--manifest-path" "Cargo.toml", kill_on_drop: false }`
[INFO] running `Command { std: "docker" "create" "-v" "/var/lib/crater-agent-workspace/builds/worker-8/target:/opt/rustwide/target:rw,Z" "-v" "/var/lib/crater-agent-workspace/builds/worker-8/source:/opt/rustwide/workdir:ro,Z" "-v" "/var/lib/crater-agent-workspace/cargo-home:/opt/rustwide/cargo-home:ro,Z" "-v" "/var/lib/crater-agent-workspace/rustup-home:/opt/rustwide/rustup-home:ro,Z" "-e" "SOURCE_DIR=/opt/rustwide/workdir" "-e" "CARGO_TARGET_DIR=/opt/rustwide/target" "-e" "CARGO_HOME=/opt/rustwide/cargo-home" "-e" "RUSTUP_HOME=/opt/rustwide/rustup-home" "-w" "/opt/rustwide/workdir" "-m" "1610612736" "--user" "0:0" "--network" "none" "rustops/crates-build-env@sha256:d92eaeed33fa75130ca1ee6c8a01d1ffb62bac859dfdfb3450e3e5d1c0146529" "/opt/rustwide/cargo-home/bin/cargo" "+72f88fc4e9458f89516a0b8b0868f3718aec5b47" "metadata" "--no-deps" "--format-version=1", kill_on_drop: false }`
[INFO] [stdout] 687a15671b82e6c4714143862aa0a593b2b3ce27dcc3ecde8d4cc709ad12a98e
[INFO] [stderr] WARNING: Your kernel does not support swap limit capabilities or the cgroup is not mounted. Memory limited without swap.
[INFO] running `Command { std: "docker" "start" "-a" "687a15671b82e6c4714143862aa0a593b2b3ce27dcc3ecde8d4cc709ad12a98e", kill_on_drop: false }`
[INFO] running `Command { std: "docker" "inspect" "687a15671b82e6c4714143862aa0a593b2b3ce27dcc3ecde8d4cc709ad12a98e", kill_on_drop: false }`
[INFO] running `Command { std: "docker" "rm" "-f" "687a15671b82e6c4714143862aa0a593b2b3ce27dcc3ecde8d4cc709ad12a98e", kill_on_drop: false }`
[INFO] [stdout] 687a15671b82e6c4714143862aa0a593b2b3ce27dcc3ecde8d4cc709ad12a98e
[INFO] running `Command { std: "docker" "create" "-v" "/var/lib/crater-agent-workspace/builds/worker-8/target:/opt/rustwide/target:rw,Z" "-v" "/var/lib/crater-agent-workspace/builds/worker-8/source:/opt/rustwide/workdir:ro,Z" "-v" "/var/lib/crater-agent-workspace/cargo-home:/opt/rustwide/cargo-home:ro,Z" "-v" "/var/lib/crater-agent-workspace/rustup-home:/opt/rustwide/rustup-home:ro,Z" "-e" "SOURCE_DIR=/opt/rustwide/workdir" "-e" "CARGO_TARGET_DIR=/opt/rustwide/target" "-e" "CARGO_INCREMENTAL=0" "-e" "RUST_BACKTRACE=full" "-e" "RUSTFLAGS=--cap-lints=forbid" "-e" "CARGO_HOME=/opt/rustwide/cargo-home" "-e" "RUSTUP_HOME=/opt/rustwide/rustup-home" "-w" "/opt/rustwide/workdir" "-m" "1610612736" "--user" "0:0" "--network" "none" "rustops/crates-build-env@sha256:d92eaeed33fa75130ca1ee6c8a01d1ffb62bac859dfdfb3450e3e5d1c0146529" "/opt/rustwide/cargo-home/bin/cargo" "+72f88fc4e9458f89516a0b8b0868f3718aec5b47" "check" "--frozen" "--all" "--all-targets" "--message-format=json", kill_on_drop: false }`
[INFO] [stdout] 0020d830db43b3213e4576c893cbf3f730f48070d41a1598b3e2ab24d7ccafe3
[INFO] [stderr] WARNING: Your kernel does not support swap limit capabilities or the cgroup is not mounted. Memory limited without swap.
[INFO] running `Command { std: "docker" "start" "-a" "0020d830db43b3213e4576c893cbf3f730f48070d41a1598b3e2ab24d7ccafe3", kill_on_drop: false }`
[INFO] [stderr]     Checking dirs-sys v0.3.5
[INFO] [stderr]     Checking clap v2.33.3
[INFO] [stderr]     Checking dirs v2.0.2
[INFO] [stderr]     Checking term v0.6.1
[INFO] [stderr]     Checking monilog v0.1.1 (/opt/rustwide/workdir)
[INFO] [stdout] error[E0599]: no method named `at` found for reference `&regex::Captures<'_>` in the current scope
[INFO] [stdout]   --> src/main.rs:93:48
[INFO] [stdout]    |
[INFO] [stdout] 93 |                         print!("{} ", captures.at(1).unwrap());
[INFO] [stdout]    |                                                ^^ method not found in `&regex::Captures<'_>`
[INFO] [stdout] 
[INFO] [stdout] 
[INFO] [stdout] error[E0599]: no method named `at` found for reference `&regex::Captures<'_>` in the current scope
[INFO] [stdout]   --> src/main.rs:95:40
[INFO] [stdout]    |
[INFO] [stdout] 95 |                         match captures.at(2).unwrap() {
[INFO] [stdout]    |                                        ^^ method not found in `&regex::Captures<'_>`
[INFO] [stdout] 
[INFO] [stdout] 
[INFO] [stdout] error[E0599]: no method named `at` found for reference `&regex::Captures<'_>` in the current scope
[INFO] [stdout]    --> src/main.rs:105:48
[INFO] [stdout]     |
[INFO] [stdout] 105 |                         print!("{} ", captures.at(2).unwrap());
[INFO] [stdout]     |                                                ^^ method not found in `&regex::Captures<'_>`
[INFO] [stdout] 
[INFO] [stdout] 
[INFO] [stdout] error[E0599]: no method named `at` found for reference `&regex::Captures<'_>` in the current scope
[INFO] [stdout]   --> src/main.rs:93:48
[INFO] [stdout]    |
[INFO] [stdout] 93 |                         print!("{} ", captures.at(1).unwrap());
[INFO] [stdout]    |                                                ^^ method not found in `&regex::Captures<'_>`
[INFO] [stdout] 
[INFO] [stdout] 
[INFO] [stdout] error[E0599]: no method named `at` found for reference `&regex::Captures<'_>` in the current scope
[INFO] [stdout]   --> src/main.rs:95:40
[INFO] [stdout]    |
[INFO] [stdout] 95 |                         match captures.at(2).unwrap() {
[INFO] [stdout]    |                                        ^^ method not found in `&regex::Captures<'_>`
[INFO] [stdout] 
[INFO] [stdout] 
[INFO] [stdout] error[E0599]: no method named `at` found for reference `&regex::Captures<'_>` in the current scope
[INFO] [stdout]    --> src/main.rs:105:48
[INFO] [stdout]     |
[INFO] [stdout] 105 |                         print!("{} ", captures.at(2).unwrap());
[INFO] [stdout]     |                                                ^^ method not found in `&regex::Captures<'_>`
[INFO] [stdout] 
[INFO] [stdout] 
[INFO] [stdout] error[E0599]: no method named `at` found for reference `&regex::Captures<'_>` in the current scope
[INFO] [stdout]    --> src/main.rs:106:49
[INFO] [stdout]     |
[INFO] [stdout] 106 |                         print!("{}\n", captures.at(3).unwrap());
[INFO] [stdout]     |                                                 ^^ method not found in `&regex::Captures<'_>`
[INFO] [stdout] 
[INFO] [stdout] 
[INFO] [stdout] error[E0599]: no method named `at` found for reference `&regex::Captures<'_>` in the current scope
[INFO] [stdout]    --> src/main.rs:106:49
[INFO] [stdout]     |
[INFO] [stdout] 106 |                         print!("{}\n", captures.at(3).unwrap());
[INFO] [stdout]     |                                                 ^^ method not found in `&regex::Captures<'_>`
[INFO] [stdout] 
[INFO] [stdout] 
[INFO] [stdout] error: aborting due to 4 previous errors
[INFO] [stdout] 
[INFO] [stdout] 
[INFO] [stdout] For more information about this error, try `rustc --explain E0599`.
[INFO] [stdout] 
[INFO] [stdout] error: aborting due to 4 previous errors
[INFO] [stdout] 
[INFO] [stdout] 
[INFO] [stdout] For more information about this error, try `rustc --explain E0599`.
[INFO] [stdout] 
[INFO] [stderr] error: could not compile `monilog`.
[INFO] [stderr] 
[INFO] [stderr] To learn more, run the command again with --verbose.
[INFO] [stderr] warning: build failed, waiting for other jobs to finish...
[INFO] [stderr] error: build failed
[INFO] running `Command { std: "docker" "inspect" "0020d830db43b3213e4576c893cbf3f730f48070d41a1598b3e2ab24d7ccafe3", kill_on_drop: false }`
[INFO] running `Command { std: "docker" "rm" "-f" "0020d830db43b3213e4576c893cbf3f730f48070d41a1598b3e2ab24d7ccafe3", kill_on_drop: false }`
[INFO] [stdout] 0020d830db43b3213e4576c893cbf3f730f48070d41a1598b3e2ab24d7ccafe3
